(0).
168
Let m(a) = 68*a**3 - 476*a**2 - 36*a - 18. Calculate m(7).
-270
Let r(k) = -30*k**2 - 855*k - 1710. Calculate r(-2).
-120
Let m(c) = 967*c**2 - 2910*c + 71. What is m(3)?
44
Let f(y) = -57*y**3 + 40*y**2 + 11*y + 7. Calculate f(-2).
601
Let i(d) = 3*d**2 + 770*d + 12201. Give i(-17).
-22
Let h(j) = -2067*j - 2046. Calculate h(-1).
21
Let h(y) = -10*y**2 + 108*y + 1087. What is h(-9)?
-695
Let l(z) = 2*z**3 - 1072*z**2 - 26882*z + 1285. Give l(560).
165
Let x(s) = -206*s**2 - 36*s + 63. Determine x(4).
-3377
Let l(m) = -m**3 - 395*m**2 - 494*m - 39422. Determine l(-394).
-22
Let v(j) = -6*j**2 + 5177*j + 31236. Determine v(-6).
-42
Let x(t) = -1568*t + 53010. Calculate x(34).
-302
Let h(b) = -11*b**2 - 840*b - 7408. Give h(-66).
116
Let m(b) = 3*b**3 + 466*b**2 + 1367*b. Calculate m(-3).
12
Let t(w) = -7*w**2 + 85*w - 27. Determine t(8).
205
Let q(b) = -3291*b + 46533. What is q(14)?
459
Let g(z) = z**3 - 614*z**2 + 10569*z + 94767. Calculate g(596).
3
Let x(u) = 3*u**3 + 47*u**2 - 68*u - 73. Calculate x(2).
3
Let o(w) = -4*w**2 - 145*w - 1670. Give o(-13).
-461
Let p(o) = -o**3 - 17*o**2 - 9*o - 3. Give p(-16).
-115
Let p(m) = 3367*m + 13377. Calculate p(-4).
-91
Let r(z) = -5*z**2 + 1952*z - 44763. Determine r(23).
-2512
Let q(j) = 69*j**2 - 80*j - 35. Calculate q(-3).
826
Let h(y) = 1977*y - 1033964. Give h(523).
7
Let l(j) = 2*j**3 - 311*j**2 + 1915*j - 323066. What is l(156)?
10
Let j(c) = -4895*c + 161521. Give j(33).
-14
Let c(t) = -3*t**2 + 96*t + 129. Determine c(42).
-1131
Let i(r) = -r**3 - 3*r**2 + 84*r + 1120. Determine i(-13).
1718
Let f(h) = h**3 - 64*h**2 - 3873*h - 390. What is f(102)?
-84
Let q(h) = -1981*h - 4512. Give q(-4).
3412
Let r(k) = -3*k**2 - 7*k + 435. What is r(15)?
-345
Let x(t) = t**2 + 242*t + 14264. Give x(-137).
-121
Let v(s) = -s**2 - 1565*s - 41571. Give v(-27).
-45
Let u(a) = 127*a**2 - 732*a - 7. What is u(6)?
173
Let k(d) = 9031*d - 9029. What is k(1)?
2
Let o(d) = -d**3 + 58*d**2 - 336*d - 1094. Determine o(51).
-23
Let m(t) = -t**3 - 173*t**2 + 1093*t - 30043. What is m(-180)?
17
Let w(b) = -1636*b + 15345. Determine w(10).
-1015
Let k(r) = -11*r**3 - 130*r**2 - 38. Calculate k(-13).
2159
Let h(b) = b**2 - 193*b - 20530. Calculate h(-75).
-430
Let x(w) = -1410*w + 19820. Calculate x(14).
80
Let h(w) = -2*w**3 - 148*w**2 + 138*w - 933. Determine h(-75).
-33
Let m(k) = 5*k**3 + 17*k**2 - 75*k - 275. Give m(-4).
-23
Let d(b) = b**3 + b**2 - 643*b + 1040. What is d(24)?
8
Let r(i) = i**3 - 255*i**2 + 4917*i - 803. Determine r(234).
-101
Let k(x) = -740*x + 30420. Calculate k(41).
80
Let v(n) = -n**3 + 22*n**2 - 7*n - 43. Give v(18).
1127
Let m(v) = -72*v**2 - 18273*v + 3805. Determine m(-254).
-5
Let h(p) = -10763*p + 387558. Calculate h(36).
90
Let l(z) = 15*z**3 - 951*z**2 - 3638*z + 1344. What is l(67)?
4
Let x(h) = h**2 + 391*h - 42138. Calculate x(88).
14
Let q(f) = 10823*f + 43252. Determine q(-4).
-40
Let x(i) = -1085*i - 3559. Give x(-3).
-304
Let s(u) = -4993*u - 70. Give s(0).
-70
Let z(o) = o**3 + o**2 - 77*o - 775. Determine z(-8).
-607
Let v(o) = -o**2 - 33318*o - 532837. Give v(-16).
-5
Let o(i) = -3002*i + 1332973. Give o(444).
85
Let x(y) = -20898*y + 41425. Determine x(2).
-371
Let t(a) = 344*a**2 - 2099*a + 1863. Give t(5).
-32
Let p(c) = c**2 + 28999*c - 899923. Calculate p(31).
7
Let z(k) = -2*k**3 - 232*k**2 - 448*k + 910. Determine z(-114).
-2
Let k(q) = -q**3 + 92*q**2 - 966*q - 14543. Calculate k(77).
10
Let x(s) = -3968*s + 84. Give x(0).
84
Let r(k) = -2*k**3 + 60*k**2 - 66*k - 8. Give r(29).
-240
Let d(b) = b**2 - 15540*b - 186657. What is d(-12)?
-33
Let q(o) = -3*o**3 - 162*o**2 - 1519*o - 334. Give q(-42).
-40
Let r(s) = -2*s**3 + 13*s**2 - 1254*s + 7462. Determine r(6).
-26
Let i(p) = -4*p**2 + 6*p + 456. Calculate i(-6).
276
Let k(t) = -t**3 - 70*t**2 - 1224*t - 39. Give k(-40).
921
Let d(v) = -8255*v - 123924. What is d(-15)?
-99
Let w(t) = -t**3 + 2*t**2 - 152188*t + 608785. Determine w(4).
1
Let v(f) = -f**3 - 440*f**2 - 2657*f - 343. Determine v(-6).
-25
Let a(d) = 2*d**3 - 139*d**2 + 82*d - 1307. Give a(69).
-410
Let s(m) = -m**3 + 39*m**2 + 3655*m - 142561. What is s(39)?
-16
Let m(u) = -817*u + 9463. What is m(11)?
476
Let d(g) = 645182*g + 27097640. What is d(-42)?
-4
Let f(v) = 1091*v - 24061. Determine f(22).
-59
Let l(v) = 126*v + 48439. Determine l(-385).
-71
Let b(k) = -57*k**2 + 5813*k + 39. What is b(102)?
-63
Let i(x) = 12094*x + 447477. Determine i(-37).
-1
Let v(o) = 397*o + 71978. Calculate v(-181).
121
Let q(o) = -5669*o - 1235874. What is q(-218)?
-32
Let y(f) = 1678*f**2 - 198002*f - 238. What is y(118)?
-2
Let a(u) = u**3 - 86*u**2 + 31*u - 2590. Give a(86).
76
Let s(i) = -562*i - 149498. Calculate s(-266).
-6
Let x(t) = -221*t**2 + 30698*t + 2924. Determine x(139).
5
Let s(j) = -j**3 + 153*j**2 + 152*j + 2. Calculate s(-1).
4
Let c(g) = 19*g**3 + 164*g**2 - 510*g - 4284. What is c(-8)?
564
Let a(t) = t**3 - 51*t**2 - 9586*t + 5017. Give a(-76).
1
Let b(a) = 1658*a**2 + 16582*a + 10. Calculate b(-10).
-10
Let y(c) = -10*c**3 - 1590*c**2 + 19*c + 2915. What is y(-159)?
-106
Let f(g) = -g**3 - 183*g**2 - 3396*g + 972. Give f(-162).
0
Let x(z) = 2*z**2 + 573*z + 273. What is x(-286)?
-13
Let a(m) = m**3 - 7*m + 69. What is a(7)?
363
Let h(y) = 2874*y - 1514611. What is h(527)?
-13
Let q(w) = 26682*w + 373571. Calculate q(-14).
23
Let q(y) = -1336*y + 47387. Calculate q(37).
-2045
Let l(u) = -3560*u + 1018159. What is l(286)?
-1
Let k(b) = -b**3 - 102*b**2 + 575*b - 207. Determine k(5).
-7
Let f(q) = -7224*q + 2152771. Give f(298).
19
Let y(k) = -18*k**2 - 11357*k + 127767. Give y(-642).
9
Let t(q) = -8569*q + 1139595. Give t(133).
-82
Let p(t) = 3189*t + 70206. Calculate p(-22).
48
Let d(x) = -105316*x - 6318930. What is d(-60)?
30
Let z(b) = -b**3 + 62*b**2 + 378*b + 888. What is z(68)?
-1152
Let q(o) = -926*o - 1239. Determine q(0).
-1239
Let m(n) = -495*n + 7792. Give m(15).
367
Let a(m) = 8476*m + 305267. Calculate a(-36).
131
Let n(w) = -w**2 + 2529*w + 268396. What is n(-102)?
34
Let b(j) = -124069*j + 1985105. What is b(16)?
1
Let o(r) = -106*r**2 + 6457*r + 534. Determine o(61).
-15
Let h(j) = j**3 + 51*j**2 - 246*j - 76. Determine h(5).
94
Let r(u) = -u**2 - 3877*u - 2069076. Calculate r(-639).
6
Let c(x) = -3*x**2 + 8878*x - 53264. Give c(6).
-104
Let f(g) = 76*g - 8316. Give f(129).
1488
Let q(l) = -l**2 - 85*l - 1239. Calculate q(-67).
-33
Let p(g) = -143*g - 654. Give p(-5).
61
Let b(a) = -3*a**3 + 390*a**2 - 2312*a + 9. Determine b(6).
-471
Let u(g) = 9*g**2 + 288*g + 1352. Give u(-5).
137
Let y(s) = 2*s**3 - 306*s**2 - 618*s - 361. Calculate y(155).
-51
Let f(g) = -g**3 + g**2 + 200*g + 15738. What is f(28)?
170
Let x(t) = -3*t**2 - 3098*t - 53816. Determine x(-1015).
-21
Let u(d) = 1402*d + 4871. What is u(-4)?
-737
Let w(d) = -31*d**3 - 277*d**2 + 1574*d + 14007. What is w(-9)?
3
Let n(o) = -1649*o + 135229. Give n(82).
11
Let w(o) = -3*o**2 + 330336*o - 3303049. What is w(10)?
11
Let z(n) = 3*n**3 + 293*n**2 + 169*n - 2370. Calculate z(-97).
55
Let s(z) = 3210*z - 109145. Calculate s(34).
-5
Let x(u) = -36529*u + 36550. Determine x(1).
21
Let k(i) = -3573*i - 750329. What is k(-210)?
1
Let o(y) = -3*y**3 - 27*y**2 - 88*y - 20. Determine o(-3).
82
Let j(v) = -5669*v + 39816. Calculate j(7).
133
Let a(v) = v**3 + 81*v**2 + 1401*v + 4. Give a(-25).
-21
Let s(a) = a**2 + 130*a - 5033. What is s(29)?
-422
Let c(k) = k**3 + 20*k**2 - 14*k + 1717. What is c(-24)?
-251
Let i(r) = 57*r**2 + 392*r - 55. What is i(-6)?
-355
Let a(k) = 797*k + 144272. Calculate a(-181).
15
Let v(g) = -4*g**2 - 16272*g - 452482. Determine v(-28).
-2
Let l(y) = -56*y**3 - 2857*y**2 + 25*y + 3871. What is l(-51)?
-5
Let n(d) = 5*d**3 - 498*d**2 - 238*d + 3859. Calculate n(100).
59
Let m(d) = -532*d + 9107. Calculate m(15).
1127
Let p(q) = 1358*q + 17964. Calculate p(-13).
310
Let q(a) = -51739*a + 3983882. What is q(77)?
-21
Let n(d) = -d**3 - 64*d**2 + 205*d + 2. What is n(-67)?
-266
Let n(q) = -62*q**2 - 1386*q + 6893. Calculate n(5).
-1587
Let u(n) = 289988*n - 4059857. Calculate u(14).
-25
Let r(q) = q**3 - 18*q**2 + 96*q - 478. Calculate r(8).
-350
Let w(d) = -55297*d + 1050944. What is w(19)?
301
Let r(u) = -4*u**3 + 979*u**2 + 253*u - 1714. Determin